h - 2*n - 20 = h. Suppose -h*z = -19 - 20. What is the tens digit of z?
1
Suppose 0 = 4*c + c + 20. Let z(r) = -r**3 - 7*r**2 - r + 2. Let o be z(-7). Let n = o + c. What is the units digit of n?
5
Let x = -182 + 256. Suppose 0 = -2*b + 3*y + 39, 0*b - 2*y - x = -4*b. What is the units digit of b?
8
Suppose 11 = 4*g - 5. Suppose 0 = -3*s + 6, -4*s - 6 = -g*a + s. Let u = 25 - a. What is the units digit of u?
1
Let s = -35 + 56. What is the units digit of s?
1
Suppose 11 = -p + 5*m, 3*p = 6*m - m + 7. Suppose p - 1 = -4*u. What is the tens digit of ((-42)/18)/(u/12)?
1
Suppose -12 + 0 = 4*v - 5*a, a + 4 = 0. Let w = v - -12. What is the units digit of w?
4
Suppose d - 7 = -3*p - p, 2*d + 30 = 3*p. What is the units digit of (-3)/9 - 345/d?
8
Suppose -3 + 0 = 3*q. What is the units digit of (-7*1)/(1/q)?
7
Suppose 0 = -q + 4, 86 = 2*b - b + 5*q. What is the units digit of b?
6
Let z(r) = r - 14*r + 9 - 3*r**3 - r + 2*r**3 + 15*r**2. What is the units digit of z(14)?
9
Let o = -2 + 7. Suppose 2*m - o*m + 38 = -4*p, 0 = -3*m + 5*p + 43. What is the tens digit of (15/m)/(-5)*-22?
1
Let k = 1 - 1. Suppose 5*c + 2*f - 37 = k, 5*c - 4*f = f + 30. Suppose -11 = -3*b + c*b + 5*g, -4*g - 13 = -b. What is the units digit of b?
1
What is the units digit of 707/63 - (-4)/(-18)?
1
Suppose 0 = 4*m + 3*x - 12 - 9, 3*x = 3*m. What is the tens digit of (-1)/(-3) - (-32)/m?
1
Let y(r) = 32*r - 3. What is the tens digit of y(4)?
2
Let c = 183 + -57. What is the units digit of c?
6
Let p(i) = i**3 - i**2 + 6. Let h be p(0). Let n = h - -5. What is the units digit of n?
1
Suppose -4*h - 2*j - j = 30, 2*h = j - 10. What is the tens digit of (-222)/h + 4*-1?
3
Let x be (5 + -6)/(1/(-3)). Let m(i) = -i - 2. Let a be m(-2). Suppose -x*d + 7*d - 4 = a. What is the units digit of d?
1
Let z = -96 + 145. What is the tens digit of z?
4
Suppose 0 = -x + 3*a + 51, a = 2*x + 2*x - 193. What is the units digit of x?
8
Suppose 3*u + 2 = 2*u. What is the units digit of (-21)/(-3) + 1*u?
5
Let w(o) = -o**2 + o - 5. Let v be w(0). Let f = v - -6. What is the units digit of f?
1
Let k(o) = o - 5*o**2 - o**2 + 30*o**2. Let v be k(1). Suppose v - 110 = -5*q. What is the tens digit of q?
1
Let f(t) = -t + t + 8*t**2 - t. What is the units digit of f(1)?
7
Let i(q) be the first derivative of -q**4/4 - 2*q**3 + 7*q**2/2 + 3*q + 1. Let g be i(-7). What is the units digit of -3 - g*24/(-9)?
5
Let n = -4 - 0. Let r be ((-10)/n)/(3/6). Suppose -4*c - 4*d + 25 = 9, -2*c + r*d + 36 = 0. What is the units digit of c?
8
Suppose q - 4*q + 15 = 0. Suppose 2*n = q*n - 45. What is the units digit of n?
5
Let d(q) be the first derivative of -q**4/4 + q**3 + 2*q**2 - 2*q + 2. Let t be d(4). Let k(l) = 2*l**2 + l - 1. What is the units digit of k(t)?
5
Let d(h) = h**3 - 6*h**2 - 3*h + 2. Let p be d(7). What is the units digit of p/(-5)*(-1)/2?
3
Let r = 84 + -33. What is the tens digit of r?
5
Let p(z) be the first derivative of -z**4/4 - 3*z**3 - 5*z**2 - 12*z - 2. What is the units digit of p(-8)?
4
Let r(n) = 20*n**3 - n**2 - 2*n + 2. What is the units digit of r(1)?
9
Suppose 2*m + 90 = -0*m. Let h = -17 - m. What is the tens digit of h?
2
What is the tens digit of (175/(-10))/((-4)/8)?
3
Suppose 2 - 4 = -2*m. What is the units digit of (-100 - -6)*m/(-2)?
7
Suppose 0 = -4*x + 3*x. Let h = 0 - x. What is the units digit of (h + 9)*1/1?
9
Suppose 4*n = -4*s + 2*n + 24, -8 = -s - n. Suppose -m + 20 = s*m. What is the units digit of m?
4
Let s(o) = o**3 - 6*o**2 - 2*o - 2. Let h = 24 - 17. What is the tens digit of s(h)?
3
What is the units digit of (-10 - -2)/(30/(-915))?
4
Let c(u) = -u**3 + 5*u**2 + 7*u - 1. Let g(t) be the first derivative of t**4/4 - 4*t**3/3 + t**2 - 2*t + 3. Let k be g(4). What is the units digit of c(k)?
5
Let y(m) = 5*m**2 - 2*m**2 - m - m. Suppose -2*g + 4 = -0. What is the units digit of y(g)?
8
Let y(j) = j**3 + 9*j**2. Let q be y(-9). Suppose q = -3*x + 12, -4*x = h + h - 22. What is the units digit of h?
3
Let n(c) = 5*c - 12*c + 0*c**2 + 1 + 2*c**2. Let o be n(6). Let u = -16 + o. What is the units digit of u?
5
Suppose 0 = -3*p - 2*a + 14, -3*p = 2*p - a - 6. Let l = p - -2. Let o(i) = i**3 - 5*i**2 + 7*i - 4. What is the units digit of o(l)?
8
Suppose -u = 2*m - 29, u + 2*u = m - 25. What is the tens digit of m?
1
What is the units digit of ((-204)/(-16))/(30/(-16) - -2)?
2
Suppose -6*d + 363 = -45. What is the units digit of d?
8
Let f(z) = -z**2 + 13*z - 7. What is the units digit of f(12)?
5
Suppose 7 = -3*p + 28. What is the units digit of p?
7
Let b(h) = h**3 + h**2. Suppose 5*x - d = 0, -4*x = -d - 3 + 2. Let m be b(x). What is the units digit of -1 + 7 + (-1 - m)?
5
Let x(q) = 0 - 2*q + q + 6*q + 2. What is the tens digit of x(3)?
1
Suppose 0*x - 65 = -x. What is the tens digit of x?
6
Suppose -20 + 2 = 3*b. Let g = b + 22. What is the tens digit of g?
1
Suppose 3*w = -0*w - y + 22, 3*w - 3*y - 6 = 0. What is the units digit of w?
6
What is the tens digit of (-6 + -11)*22/(-2)?
8
Let h(x) = -x**2 + 20*x - 4. What is the tens digit of h(14)?
8
Let c = 0 - 3. Let z(o) be the third derivative of -o**4/12 - o**3/6 - o**2. What is the units digit of z(c)?
5
Let y = -20 - -57. What is the units digit of y?
7
Let a = 5 - 3. Suppose 0*x - a*x = -24. What is the units digit of 1 + -3 + x/3?
2
Let f = 264 - 157. What is the hundreds digit of f?
1
Let v be (0 - -1)*-1 - -11. Suppose -d + v = -8. Suppose j = -2*t + 10, -d + 2 = -j - 4*t. What is the units digit of j?
4
Let s(q) = 3*q + 5. Let t = 5 - 0. What is the tens digit of s(t)?
2
Let u(c) be the third derivative of c**4/8 - 5*c**3/3 + 4*c**2. What is the units digit of u(7)?
1
Suppose -p + 4*p - 50 = a, -8 = -2*a. Let b = p + -15. What is the units digit of b?
3
Let n be (-14)/(-4)*40/14. Let t(a) = a**3 - 8*a**2 - 16*a + 15. Let l be t(n). Suppose y - 6*y = -l. What is the units digit of y?
1
What is the units digit of (12/(-9))/((-5)/30)?
8
Suppose 11*x = 6*x + 720. What is the units digit of x?
4
Let z(g) = g**2 - 10*g. Let q be z(10). Suppose q = -0*l - 5*l + 20. Suppose l*x + 12 = 84. What is the tens digit of x?
1
Let c(i) = -i**3 - 3*i**2 + 3*i - 4. Let x(r) = r**3 + 4*r**2 - 4*r + 5. Let h(y) = -5*c(y) - 4*x(y). Let m = -9 - -11. What is the units digit of h(m)?
6
Suppose s = 5*l - 11, s = l - 3*l + 3. Suppose -k + 33 = 5*a, 3*a = 5*k + l*a - 35. What is the units digit of k?
8
What is the units digit of 5/(-20) + 1443/12?
0
Let t = -216 + 374. What is the units digit of t?
8
Let x be 16/(-12) + (-52)/(-3). Suppose -3*r + x = -2*a, 0 = r - 2*r - 2*a - 8. What is the units digit of r?
2
Suppose 3*g - 5*g + 30 = 0. Let o = -21 + 19. Let f = g + o. What is the units digit of f?
3
Let q = -196 - -281. What is the units digit of q?
5
Suppose -f = -3*b + 4, -5*f + 4 = -3*b - 0*f. Let g(i) = -b*i**2 - i**2 + i**2 + 3*i**2 - 2 + 11*i. What is the tens digit of g(-12)?
1
Let f(k) = 15*k**3 - 8*k**2 + 6*k - 21. Let t(b) = 3*b + 8*b**3 + b**2 - b**3 - 1 - 5*b**2 - 9. Let x(d) = -6*f(d) + 13*t(d). What is the units digit of x(4)?
8
Suppose -r + 41 = 5*x, 2*x = 3*r + 4*x - 97. What is the tens digit of r?
3
What is the units digit of (12/4 + -6)*-3?
9
Let r(q) = -103*q + 37. What is the hundreds digit of r(-3)?
3
Let x = 10 - 7. What is the units digit of (22/8)/(x/12)?
1
Let r = -5 + 23. What is the units digit of r?
8
Let o(z) = z - 11. Let u be o(-9). What is the units digit of (-8)/u*60/3?
8
Let q = -2 - -5. Suppose 0 = -q*k - 5 - 16. Let h = k + 12. What is the units digit of h?
5
What is the tens digit of 302/8 - 1/(-4) - -2?
4
Let z(m) = -m - 3. Suppose 3*n + 15 = -2*n. Let k be z(n). Suppose -2*u = -k*u - 32. What is the units digit of u?
6
Suppose -5*p + 0*p - 2*m = 10, -p - 15 = 3*m. Suppose p*b = -4*b - 12. What is the units digit of b/6 - 26/(-4)?
6
Let r(u) = u**3 + 4*u**2 + 3*u + 1. Let i be r(-3). Let j(d) = d + d + d**3 - d. What is the units digit of j(i)?
2
Suppose 11 = 4*r - 5, 2*r = -5*z + 1538. What is the units digit of z?
6
Let p(l) = l**3 + 25*l**2 - 3*l - 32. What is the tens digit of p(-25)?
4
Let s be 3*((-1 - -4) + -2). Let t = 3 + s. What is the units digit of t?
6
Let a(j) = -2*j**2 + 2*j. Let o be a(-2). What is the units digit of (o + 10)/(2/(-43))?
3
Suppose 3*t - 7 = 32. What is the